t of 224/21 + 2/k?
1
Suppose -2900 - 298 = q. What is the units digit of 1/(-5) + (5 - q/15)?
8
Suppose 6*w = 11*w + 595. Let j = 222 + w. What is the units digit of j?
3
Let c(z) = z**2 - 6*z - 8. Let w = 0 - 2. Let p(k) = k**2 - 3*k - 2. Let j be p(w). What is the units digit of c(j)?
8
Let h be 78 - (3 + -4 - -3). Suppose 3*o - 2 = h. Suppose 2*m = 4*m - o. What is the units digit of m?
3
Suppose -4*w + 4*u - 28 = 0, 2*u = -2*w + w + 8. What is the units digit of 13*(3 + w - 0)?
3
Let o(f) = 230*f + 5. What is the units digit of o(2)?
5
Let p = 12742 + -8763. What is the hundreds digit of p?
9
Let r = -132 - -68. Let k = -104 - r. What is the units digit of (k/(-16))/(2/4)?
5
Suppose u = -0*u + 44. Let a be (9/(-12) - -1)*u. Suppose 3*h - 26 + a = 0. What is the units digit of h?
5
What is the hundreds digit of 4 + (-1 - 2) + 565?
5
Suppose -2*p + 0*p - 5*f - 42 = 0, p + 19 = -2*f. Let b = p + 15. Suppose -b*o = 3*s - 65, 0 = -2*o + 5*o - 6. What is the units digit of s?
9
Let d(l) = 2*l**3 + l**2 - l + 95. Let h(n) = -n**3 - n**2 - 94. Let k(m) = -2*d(m) - 3*h(m). What is the units digit of k(0)?
2
Suppose -5*g + l + 1347 = 0, -3*g = -3*l + 8*l - 825. What is the units digit of g?
0
Let c = 1565 - 1369. What is the units digit of c?
6
Let h = -3 - 4. What is the units digit of (-18)/5*35/h?
8
Suppose 3 = 2*f + k, -5*f + 35 = -3*k - 0. Suppose 0 = m - 3, 5*y - 328 = -m + 5*m. Suppose -h - h + y = p, -5*p - 164 = -f*h. What is the units digit of h?
6
Let p(i) = 4*i + 9. Let g be p(-6). Let v = g - -17. What is the units digit of (-3 - -7) + (v - 1)?
5
Let m be 1*(-5 - 0) - (-1 + -2). What is the units digit of (1 - 0)*m*(-30 - -8)?
4
Suppose -10*q = -8*q + 2. What is the tens digit of ((-1)/q + 23)*1?
2
Let b = 0 + 8. Let g(h) = -h**3 - h + 22 + b - 4 + 2*h. What is the tens digit of g(0)?
2
Suppose -5*c + 10*c - 510 = 0. Suppose -5*u = c - 302. What is the units digit of u?
0
Suppose -6*u + 430 = -380. Suppose -186 - 200 = 5*g + 3*b, 2*b + 73 = -g. Let x = u + g. What is the tens digit of x?
5
Let r(z) = 10*z**2 - 5*z + 7. Let f(p) = -p**2 - 10*p - 12. Let m be f(-8). Let q be r(m). Suppose -7 = 5*w - q. What is the tens digit of w?
2
Suppose v = 8*v - 35. Suppose h = -u + 6, v*h + u - 27 = -u. Suppose 2*s = -3*x + 98, -66 = -2*s + h*x - 0. What is the units digit of s?
3
Let n be ((-18)/(-5))/(11/440). Let d = n + -77. What is the tens digit of d?
6
Suppose -4*z + 2992 = -4*w, 3*z - w + 884 = 3128. What is the hundreds digit of z?
7
Let j = -106 + 253. What is the units digit of j?
7
Suppose 0 = -32*y - 78*y + 306350. What is the thousands digit of y?
2
Let i be 8/(-3)*(-21)/14. Suppose 8 = 2*b - i. What is the units digit of b?
6
Let w be (61/(-4))/((-5)/20). Let i = w - 24. What is the units digit of i?
7
What is the units digit of 2/(-3) - (-5 + 4784/(-12))?
3
Let t(v) = 3*v**3 - 4*v**2 + 2*v - 5. Let j(b) = b**3 - 2*b - 1. Let h be j(-1). Suppose 2*n - 7 + 1 = h. What is the units digit of t(n)?
6
Let v(u) = -71*u**3 - 2*u**2 - 3*u - 1. Let o be v(-2). Suppose o = -3*h + 151. What is the tens digit of (-16)/(-40) - h/5?
2
Let z = -459 - -796. What is the hundreds digit of z?
3
Let s(o) = 395*o - 79. What is the thousands digit of s(3)?
1
Let p(v) = v**3 + 25*v**2 + 33*v - 42. What is the hundreds digit of p(-20)?
2
Let b be (6/(-4))/((-12)/(-576)). Let j = -29 - -17. What is the units digit of 682/12 + j/b?
7
Let d(b) = 55*b**2 + 3*b - 1. Let i = 25 - 28. Let z be i/(-2)*8/12. What is the units digit of d(z)?
7
Let p(t) = -4*t**3 - 34*t**2 - 3*t + 26. Let q(x) = x**3 + 11*x**2 + x - 9. Let z(c) = 2*p(c) + 7*q(c). What is the units digit of z(8)?
1
Let t be (-1 - -1)/((-2)/1). Suppose o - 4*o - 15 = t. Let p = 19 - o. What is the tens digit of p?
2
Suppose 0 = -4*c + 16*c - 144. Let d(n) = n**3 - 10*n**2 - 14*n + 11. What is the units digit of d(c)?
1
What is the tens digit of 478/(3 + ((-299)/8)/13)?
2
Let r(y) = 44*y - 1. Let t be r(-1). Let p = t - -59. What is the tens digit of p?
1
Let o(v) = -v**2 - 3*v + 4. Let y be o(-4). Suppose y = 2*q - 4*i + 82, 4*i + 53 = -q - 0*q. Let c = -31 - q. What is the tens digit of c?
1
Suppose m = 5*t + 7, 2*m + t + 3*t = 0. What is the tens digit of (2 + 2/m)/(54/612)?
3
Suppose -55 = 2*k - 7. What is the hundreds digit of -4*(-3)/k*(-299 - -1)?
1
Suppose 22*x + 18434 = 67054. What is the units digit of x?
0
Let o(b) = b**2 - 10*b - 30. Let v be o(10). What is the hundreds digit of ((-1160)/v)/(4/30)?
2
What is the tens digit of 400/2 - 16*(-90)/(-288)?
9
Let l(i) = 15*i**2 + 37*i + 4. What is the hundreds digit of l(-7)?
4
Let g(l) = l**2 - 18*l + 36. Let k be g(-18). Suppose 4*r + k = 10*r. What is the units digit of r?
4
What is the tens digit of 45/(-1)*((-244)/20 - -2)?
5
Suppose 4*o - 11*a + 10*a - 1159 = 0, 4*o - 1164 = -4*a. What is the hundreds digit of o?
2
Suppose 0*o + 230 = 5*o. What is the tens digit of o?
4
Suppose 13*i - 86372 = -24765. What is the thousands digit of i?
4
Let r(z) = 2*z - 6. Let b(a) = -8*a + 25. Let g(i) = 4*b(i) + 18*r(i). Let y be g(6). Let m = y - -34. What is the units digit of m?
0
Let q be (2 - (-105)/18) + (-5)/(-30). Suppose -q*n = -7*n - 28. What is the tens digit of n?
2
Suppose -7*l + 4234 = -1912. What is the tens digit of l?
7
Let x = -13 - -28. Suppose -4*w - 550 = -x*w. What is the tens digit of w?
5
What is the units digit of -1045*(1 - 2)*(-4)/(-10)?
8
Suppose -s = -19*s - 324. Let y(u) = -2*u**3 + 2*u - 2. Let r be y(2). Let n = r - s. What is the units digit of n?
4
Suppose 0*m = -3*m + 6. What is the units digit of (272/56)/(m/14)?
4
Suppose 0 = -10*l - 58 - 72. Let t = l - -21. What is the units digit of t?
8
Let d = 6 + -8. Let s be (-1)/(d/(1 - -7)). Suppose -s*m + 2*p + 232 = m, 2*m - 5*p - 76 = 0. What is the units digit of m?
8
Suppose -s - 2 = 0, s - 6 = 2*u + 5*s. Let c be (9 - 0/(-1)) + u. Suppose k + c = 34. What is the tens digit of k?
2
Suppose -1 = 6*w - 13. Let o(j) = 30*j**2. What is the units digit of o(w)?
0
Let x(v) = -v**3 - 2*v**2 - 41*v - 17. What is the thousands digit of x(-13)?
2
Let r(f) = -2*f**2 - 22*f + 28. Let n be r(-12). Suppose -4*v - 112 = -n*u, 5*u = -0*v + 4*v + 141. What is the tens digit of u?
2
Let q(u) = 10*u**2 - 4*u - 2. Let n be q(-4). Suppose -4*d - 3*j = -601, -3*d + 2*j - n = -646. What is the units digit of d?
4
Suppose -2*u + 75 = 69, -y = -u - 949. What is the units digit of y?
2
Suppose 4*a + 2*s + 347 = 7*s, -a - 92 = -3*s. Let u be (-1 - a)*(-3)/(-3). Suppose 5*z - 28 = u. What is the units digit of z?
2
Let n = -20 - -34. Suppose 2*g + 4*k - n = 0, g + 0 = -5*k + 10. Suppose -5*t - 10 = 0, -g*o + 35 = 5*t - 65. What is the tens digit of o?
2
Suppose -3*n + 20 = 4*h, 2*h - 32 = 4*n - 0. Suppose 0 = 13*c - h*c - 255. Let g = c + -16. What is the units digit of g?
5
Let x(y) = 2*y**3 - 47*y**2 - 25*y + 101. What is the thousands digit of x(25)?
1
Let y = 23 - 2. Let n = y + -3. Suppose -18 = -3*l + n. What is the units digit of l?
2
Let b(t) = -12*t + 12. Let r be b(4). What is the units digit of (-4023)/r - (-2)/8?
2
Suppose -5*q = -5*x - 10, q = -4*q - x + 16. Suppose -q*h + 450 = 78. What is the tens digit of h?
2
Let w = 47 + -42. Suppose -3*h - 2*r = -68, -5*h - r = -0*r - 104. Suppose w*f = h, 2*f = 3*s + f - 20. What is the units digit of s?
8
Suppose 5*d - 658 = 542. Suppose 3*v = 7*v + d. What is the units digit of (2 + -4)*v/8?
5
Let z = 2941 + -647. What is the hundreds digit of z?
2
What is the hundreds digit of 32416/8 - (-12 - -25)?
0
Let i = 75 - 73. Let h(j) = 2*j**3 + j**3 + 2 + 2*j - 2*j**2 - j**2. What is the tens digit of h(i)?
1
Suppose -5*q = -q - 40. Let r = q + -14. What is the units digit of (-7)/((-14)/r) - -9?
7
Let f = -1890 - -2508. What is the tens digit of f?
1
Suppose 2*n = -3*x + 224, 3*x + 0*x = -5*n + 551. What is the units digit of n?
9
Let w(u) = -u**3 - 2*u**2 + 10*u + 10. Let o be w(5). Let x = -80 - o. What is the tens digit of x?
3
What is the hundreds digit of (6/5)/(4 - 49477/12370)?
9
Let z(m) = -m + 14. Let y be z(10). Let f(k) = k**3 + k**2 - 2*k + 3. Let c be f(y). Let h = c - 54. What is the units digit of h?
1
Let n be 16*1 - 8/(-4). Suppose -5*i = n + 37. Let a = i + 55. What is the tens digit of a?
4
Let z be (-705)/(-7) + 16/56. Suppose -2